{"id":92,"date":"2021-10-04T20:33:13","date_gmt":"2021-10-04T20:33:13","guid":{"rendered":"http:\/\/mejoraregulatoria.sh.guanajuato.gob.mx\/?page_id=92"},"modified":"2024-12-03T15:44:02","modified_gmt":"2024-12-03T15:44:02","slug":"consulta-publica","status":"publish","type":"page","link":"https:\/\/mejoraregulatoria.sh.guanajuato.gob.mx\/index.php\/consulta-publica\/","title":{"rendered":"Consulta P\u00fablica"},"content":{"rendered":"\n<figure class=\"wp-block-image size-full\"><img loading=\"lazy\" decoding=\"async\" width=\"1636\" height=\"445\" src=\"https:\/\/mejoraregulatoria.sh.guanajuato.gob.mx\/wp-content\/uploads\/2021\/10\/Seccion-Consulta-02.png\" alt=\"\" class=\"wp-image-537\" srcset=\"https:\/\/mejoraregulatoria.sh.guanajuato.gob.mx\/wp-content\/uploads\/2021\/10\/Seccion-Consulta-02.png 1636w, https:\/\/mejoraregulatoria.sh.guanajuato.gob.mx\/wp-content\/uploads\/2021\/10\/Seccion-Consulta-02-300x82.png 300w, https:\/\/mejoraregulatoria.sh.guanajuato.gob.mx\/wp-content\/uploads\/2021\/10\/Seccion-Consulta-02-1024x279.png 1024w, https:\/\/mejoraregulatoria.sh.guanajuato.gob.mx\/wp-content\/uploads\/2021\/10\/Seccion-Consulta-02-768x209.png 768w, https:\/\/mejoraregulatoria.sh.guanajuato.gob.mx\/wp-content\/uploads\/2021\/10\/Seccion-Consulta-02-1536x418.png 1536w\" sizes=\"auto, (max-width: 1636px) 100vw, 1636px\" \/><\/figure>\n\n\n\n<br>\n\n\n\n<div class=\"wp-block-media-text alignwide has-media-on-the-right\"><figure class=\"wp-block-media-text__media\"><img loading=\"lazy\" decoding=\"async\" width=\"808\" height=\"638\" src=\"http:\/\/mejoraregulatoria.sh.guanajuato.gob.mx\/wp-content\/uploads\/2021\/10\/Seccion-Consulta-01.png\" alt=\"\" class=\"wp-image-907\" srcset=\"https:\/\/mejoraregulatoria.sh.guanajuato.gob.mx\/wp-content\/uploads\/2021\/10\/Seccion-Consulta-01.png 808w, https:\/\/mejoraregulatoria.sh.guanajuato.gob.mx\/wp-content\/uploads\/2021\/10\/Seccion-Consulta-01-300x237.png 300w, https:\/\/mejoraregulatoria.sh.guanajuato.gob.mx\/wp-content\/uploads\/2021\/10\/Seccion-Consulta-01-768x606.png 768w\" sizes=\"auto, (max-width: 808px) 100vw, 808px\" \/><\/figure><div class=\"wp-block-media-text__content\">\n<h2 class=\"has-text-color wp-block-heading\" style=\"color:#000f9f\">\u00bfQu\u00e9 es la Consulta P\u00fablica?<\/h2>\n\n\n\n<p class=\"text-justify\">Es\nmecanismo mediante el cual la sociedad interact\u00faa en la toma de decisiones\ngubernamentales.<\/p>\n\n\n\n<p class=\"text-justify\">Sus principales objetivos son mejorar la eficiencia, la transparencia\u200b y la participaci\u00f3n p\u00fablica en proyectos o leyes y pol\u00edticas a gran escala (mecanismo subyacente de la herramienta).<\/p>\n\n\n\n<br>\n\n\n\n<h2 class=\"has-text-color wp-block-heading\" style=\"color:#000f9f\">\u00bfEn qu\u00e9 periodo se aplica?<\/h2>\n\n\n\n<br>\n\n\n\n<figure class=\"wp-block-table is-style-stripes\"><table class=\"\"><tbody><tr><td class=\"has-text-align-center\" data-align=\"center\"><strong>Tipo de consulta p\u00fablica<\/strong><\/td><td><strong>Periodo de aplicaci\u00f3n<\/strong><\/td><\/tr><tr><td class=\"has-text-align-center\" data-align=\"center\">Agenda regulatoria<\/td><td>Mayo y Noviembre<\/td><\/tr><tr><td class=\"has-text-align-center\" data-align=\"center\">AIR Ex-Post<\/td><td>A demanda<\/td><\/tr><\/tbody><\/table><\/figure>\n\n\n\n<br>\n\n\n\n<div class=\"wp-block-file\"><a href=\"https:\/\/mejoraregulatoria.sh.guanajuato.gob.mx\/wp-content\/uploads\/2022\/02\/Resumen-Consulta-P\u00fablica-Agenda-Regulatoria-noviembre-2021.pdf\" target=\"_blank\" rel=\"noreferrer noopener\">Consulta P\u00fablica Agenda Regulatoria (noviembre 2021)<\/a><a href=\"https:\/\/mejoraregulatoria.sh.guanajuato.gob.mx\/wp-content\/uploads\/2022\/02\/Resumen-Consulta-P\u00fablica-Agenda-Regulatoria-noviembre-2021.pdf\" class=\"wp-block-file__button\" download>Descarga<\/a><\/div>\n<\/div><\/div>\n\n\n\n<h2 class=\"has-text-color wp-block-heading\" style=\"color:#000f9f\"><\/h2>\n\n\n\n<br>\n\n\n\n<div class=\"wp-block-media-text alignwide\"><figure class=\"wp-block-media-text__media\"><img loading=\"lazy\" decoding=\"async\" width=\"820\" height=\"593\" src=\"http:\/\/mejoraregulatoria.sh.guanajuato.gob.mx\/wp-content\/uploads\/2021\/10\/Seccion-Consulta-03.png\" alt=\"\" class=\"wp-image-909\" srcset=\"https:\/\/mejoraregulatoria.sh.guanajuato.gob.mx\/wp-content\/uploads\/2021\/10\/Seccion-Consulta-03.png 820w, https:\/\/mejoraregulatoria.sh.guanajuato.gob.mx\/wp-content\/uploads\/2021\/10\/Seccion-Consulta-03-300x217.png 300w, https:\/\/mejoraregulatoria.sh.guanajuato.gob.mx\/wp-content\/uploads\/2021\/10\/Seccion-Consulta-03-768x555.png 768w\" sizes=\"auto, (max-width: 820px) 100vw, 820px\" \/><\/figure><div class=\"wp-block-media-text__content\">\n<h2 class=\"has-text-color wp-block-heading\" style=\"color:#000f9f\">\u00bfPara qu\u00e9 es la Consulta P\u00fablica de los Programas de Mejora Regulatoria?<\/h2>\n\n\n\n<p class=\"text-justify\">Con base a uno de los objetivos de la Pol\u00edtica de Mejora Regulatoria que es el de&nbsp; <strong>fomentar una cultura&nbsp; que ponga a las personas como centro de la gesti\u00f3n gubernamental <\/strong>y por <strong>constituir un Gobierno Abierto y Transparente<\/strong>;&nbsp; la Secretar\u00eda de la Transparencia y Rendici\u00f3n de Cuentas realiza una &nbsp;Consulta P\u00fablica de los Programas de Mejora Regulatoria de los sujetos obligados, con el objetivo de recabar recomendaciones y opiniones de la ciudadan\u00eda sobre las regulaciones as\u00ed como de los tr\u00e1mites y servicios que ofrece la Administraci\u00f3n P\u00fablica Estatal.<\/p>\n\n\n\n<p class=\"text-justify\">Ingresa aqu\u00ed <a rel=\"noreferrer noopener\" aria-label=\"Consulta P\u00fablica de los Programas de Mejora Regulatoria (abre en una nueva pesta\u00f1a)\" href=\"https:\/\/sh.guanajuato.gob.mx\/consulta-publica-de-regulaciones-tramites-y-servicios\/\" target=\"_blank\">Consulta P\u00fablica de los Programas de Mejora Regulatoria<\/a><\/p>\n\n\n\n<br>\n\n\n\n<div class=\"wp-block-file\"><a href=\"http:\/\/mejoraregulatoria.sh.guanajuato.gob.mx\/wp-content\/uploads\/2021\/10\/Informe-Final-Consulta-P\u00fablica-2019.pdf\" target=\"_blank\" rel=\"noreferrer noopener\">Informe Final Consulta P\u00fablica PMR 2019<\/a><a href=\"http:\/\/mejoraregulatoria.sh.guanajuato.gob.mx\/wp-content\/uploads\/2021\/10\/Informe-Final-Consulta-P\u00fablica-2019.pdf\" class=\"wp-block-file__button\" download>Descarga<\/a><\/div>\n\n\n\n<div class=\"wp-block-file\"><a href=\"http:\/\/mejoraregulatoria.sh.guanajuato.gob.mx\/wp-content\/uploads\/2021\/10\/Informe-Final-Consulta-P\u00fablica-PMR-05_04_2021.pdf\" target=\"_blank\" rel=\"noreferrer noopener\">Informe Final Consulta P\u00fablica PMR 2021<\/a><a href=\"http:\/\/mejoraregulatoria.sh.guanajuato.gob.mx\/wp-content\/uploads\/2021\/10\/Informe-Final-Consulta-P\u00fablica-PMR-05_04_2021.pdf\" class=\"wp-block-file__button\" download>Descarga<\/a><\/div>\n\n\n\n<div class=\"wp-block-file\" style=\"display:none\"><a href=\"http:\/\/mejoraregulatoria.sh.guanajuato.gob.mx\/wp-content\/uploads\/2021\/10\/Problem\u00e1ticas-destacadas-por-sector-consulta-p\u00fablica-09_04_2021.pdf\" target=\"_blank\" rel=\"noreferrer noopener\">Problem\u00e1ticas destacadas por sector 2021<\/a><a href=\"http:\/\/mejoraregulatoria.sh.guanajuato.gob.mx\/wp-content\/uploads\/2021\/10\/Problem\u00e1ticas-destacadas-por-sector-consulta-p\u00fablica-09_04_2021.pdf\" class=\"wp-block-file__button\" download>Descarga<\/a><\/div>\n\n\n\n<div class=\"wp-block-file\"><a href=\"https:\/\/mejoraregulatoria.sh.guanajuato.gob.mx\/wp-content\/uploads\/2023\/04\/Informe-Consulta-P\u00fablica-13_05_2022.pdf\" target=\"_blank\" rel=\"noreferrer noopener\">Informe Final Consulta P\u00fablica PMR 2022<\/a><a href=\"https:\/\/mejoraregulatoria.sh.guanajuato.gob.mx\/wp-content\/uploads\/2023\/04\/Informe-Consulta-P\u00fablica-13_05_2022.pdf\" class=\"wp-block-file__button\" download>Descarga<\/a><\/div>\n\n\n\n<div class=\"wp-block-file\"><a href=\"\/\/mejoraregulatoria.sh.guanajuato.gob.mx\/wp-content\/uploads\/2024\/04\/Informe_final_de_Consulta_P\u00fablica_de_los_PMR_2023.pdf\" target=\"_blank\" rel=\"noreferrer noopener\">Informe Final Consulta P\u00fablica PMR 2023<\/a><a href=\"https:\/\/mejoraregulatoria.sh.guanajuato.gob.mx\/wp-content\/uploads\/2024\/04\/Informe_final_de_Consulta_P\u00fablica_de_los_PMR_2023.pdf\" class=\"wp-block-file__button\" download=\"\">Descarga<\/a><\/div>\n\n\n\n<div class=\"wp-block-file\"><a href=\"https:\/\/mejoraregulatoria.sh.guanajuato.gob.mx\/wp-content\/uploads\/2024\/12\/Informe-de-Consulta-P\u00fablica-de-los-PMR-2024.pdf\">Informe Final Consulta P\u00fablica PMR 2024<\/a><a href=\"https:\/\/mejoraregulatoria.sh.guanajuato.gob.mx\/wp-content\/uploads\/2024\/12\/Informe-de-Consulta-P\u00fablica-de-los-PMR-2024.pdf\" class=\"wp-block-file__button\" download>Descarga<\/a><\/div>\n<\/div><\/div>\n\n\n\n<p><\/p>\n\n\n\n<p><\/p>\n\n\n\n<p><\/p>\n","protected":false},"excerpt":{"rendered":"","protected":false},"author":4,"featured_media":0,"parent":0,"menu_order":0,"comment_status":"closed","ping_status":"closed","template":"","meta":{"footnotes":""},"class_list":["post-92","page","type-page","status-publish","hentry"],"_links":{"self":[{"href":"https:\/\/mejoraregulatoria.sh.guanajuato.gob.mx\/index.php\/wp-json\/wp\/v2\/pages\/92","targetHints":{"allow":["GET"]}}],"collection":[{"href":"https:\/\/mejoraregulatoria.sh.guanajuato.gob.mx\/index.php\/wp-json\/wp\/v2\/pages"}],"about":[{"href":"https:\/\/mejoraregulatoria.sh.guanajuato.gob.mx\/index.php\/wp-json\/wp\/v2\/types\/page"}],"author":[{"embeddable":true,"href":"https:\/\/mejoraregulatoria.sh.guanajuato.gob.mx\/index.php\/wp-json\/wp\/v2\/users\/4"}],"replies":[{"embeddable":true,"href":"https:\/\/mejoraregulatoria.sh.guanajuato.gob.mx\/index.php\/wp-json\/wp\/v2\/comments?post=92"}],"version-history":[{"count":29,"href":"https:\/\/mejoraregulatoria.sh.guanajuato.gob.mx\/index.php\/wp-json\/wp\/v2\/pages\/92\/revisions"}],"predecessor-version":[{"id":2177,"href":"https:\/\/mejoraregulatoria.sh.guanajuato.gob.mx\/index.php\/wp-json\/wp\/v2\/pages\/92\/revisions\/2177"}],"wp:attachment":[{"href":"https:\/\/mejoraregulatoria.sh.guanajuato.gob.mx\/index.php\/wp-json\/wp\/v2\/media?parent=92"}],"curies":[{"name":"wp","href":"https:\/\/api.w.org\/{rel}","templated":true}]}}