{"id":1446,"date":"2021-10-28T19:46:30","date_gmt":"2021-10-28T19:46:30","guid":{"rendered":"http:\/\/mejoraregulatoria.sh.guanajuato.gob.mx\/?page_id=1446"},"modified":"2024-09-25T17:29:20","modified_gmt":"2024-09-25T17:29:20","slug":"programas-de-mejora-regulatoria-mejora-2020","status":"publish","type":"page","link":"https:\/\/mejoraregulatoria.sh.guanajuato.gob.mx\/index.php\/programas-de-mejora-regulatoria-mejora-2020\/","title":{"rendered":"Programas de mejora regulatoria 2020"},"content":{"rendered":"\n<h1 class=\"has-text-color wp-block-heading\" style=\"color:#0066ff\"><strong>Programas de Mejora Regulatoria (Mejora de regulaciones, tr\u00e1mites y servicios)<\/strong><\/h1>\n\n\n\n<br>\n\n\n\n<p class=\"has-text-align-center\"><strong>Ciudadano, ponemos a tu disposici\u00f3n los Programas de Mejora Regulatoria de las dependencias y entidades del poder ejecutivo del gobierno del Estado de Guanajuato<\/strong><br><\/p>\n\n\n\n<p>Los Programas de Mejora Regulatoria (PMR) son una herramienta que tiene por objeto implementar acciones para mejorar la Regulaci\u00f3n vigente y la simplificaci\u00f3n de Tr\u00e1mites y Servicios. <\/p>\n\n\n\n<ul class=\"list-group\">\n  <li class=\"list-group-item\" style=\"color:#fff !important; background-color:#0066FF\">Los Programas de Mejora Regulatoria permiten:<\/li>\n  <li class=\"list-group-item\">1.- Organizar las acciones a realizar por las dependencias y entidades en materia de Mejora Regulatoria;<\/li>\n  <li class=\"list-group-item\">2.- Brindar transparencia del actuar del gobierno;<\/li>\n  <li class=\"list-group-item\">3.- Impulsar la modernizaci\u00f3n de la Administraci\u00f3n P\u00fablica;<\/li>\n  <li class=\"list-group-item\">4.- Mejorar la calidad de las regulaciones;<\/li>\n <li class=\"list-group-item\">5.- Simplificar tr\u00e1mites y servicios.<\/li>\n<\/ul>\n\n\n\n<p class=\"has-text-align-center\"><strong>Indicaciones<\/strong><\/p>\n\n\n\n<p style=\"text-align: justify;\">1.- Descargue el archivo PDF correspondiente al Programa de Mejora Regulatoria de la Dependencia o Entidad de su inter\u00e9s.<\/p>\n\n\n\n<br>\n\n\n\n<h3 class=\"has-text-color wp-block-heading\" style=\"color:#0066ff\">  &nbsp; &nbsp; * &nbsp; Programas de Mejora Regulatoria vigentes en el 2020<\/h3>\n\n\n\n<br>\n\n\n\n<table class=\"gto-doc-list\" data-toggle=\"table\" data-cache=\"false\" data-pagination=\"true\" data-page-size=\"50\" data-page-list=\"[50,100,500]\" style=\"width:100%;\">\n<thead><tr><th data-align=\"center\" data-field=\"anio\" data-sortable=\"true\" style=\"background-color:#0066FF; color: #fff; border-top-left-radius: 10px;\">#<\/th>\n<th data-field=\"documento\" data-sortable=\"true\" style=\"background-color:#0066FF; color: #fff; border-top-right-radius: 10px;\">Dependencia\/Entidad<\/th><\/tr><\/thead><tbody><tr><td class=\"has-text-align-center\" data-align=\"center\">1<\/td><td class=\"has-text-align-left\" data-align=\"left\"><a href=\"http:\/\/mejoraregulatoria.sh.guanajuato.gob.mx\/wp-content\/uploads\/2021\/10\/CEAG.pdf\">Comisi\u00f3n Estatal del Agua de Guanajuato<\/a><\/td><\/tr><tr><td class=\"has-text-align-center\" data-align=\"center\">2<\/td><td class=\"has-text-align-left\" data-align=\"left\"><a href=\"http:\/\/mejoraregulatoria.sh.guanajuato.gob.mx\/wp-content\/uploads\/2021\/10\/CECAMED.pdf\">Comisi\u00f3n Estatal de Conciliaci\u00f3n y Arbitraje M\u00e9dico<\/a><\/td><\/tr><tr><td class=\"has-text-align-center\" data-align=\"center\">3<\/td><td class=\"has-text-align-left\" data-align=\"left\"><a href=\"http:\/\/mejoraregulatoria.sh.guanajuato.gob.mx\/wp-content\/uploads\/2021\/10\/CECCEG.pdf\">Centro de Evaluaci\u00f3n y Control de Confianza del Estado de Guanajuato<\/a><\/td><\/tr><tr><td class=\"has-text-align-center\" data-align=\"center\">4<\/td><td class=\"has-text-align-left\" data-align=\"left\"><a href=\"http:\/\/mejoraregulatoria.sh.guanajuato.gob.mx\/wp-content\/uploads\/2021\/10\/CECYTEG.pdf\">Colegio de Estudios Cient\u00edficos y Tecnol\u00f3gicos del Estado de Guanajuato<\/a><\/td><\/tr><tr><td class=\"has-text-align-center\" data-align=\"center\">5<\/td><td class=\"has-text-align-left\" data-align=\"left\"><a href=\"http:\/\/mejoraregulatoria.sh.guanajuato.gob.mx\/wp-content\/uploads\/2021\/10\/CODE.pdf\">Comisi\u00f3n de Deporte del Estado de Guanajuato <\/a><\/td><\/tr><tr><td class=\"has-text-align-center\" data-align=\"center\">6<\/td><td class=\"has-text-align-left\" data-align=\"left\"><a href=\"http:\/\/mejoraregulatoria.sh.guanajuato.gob.mx\/wp-content\/uploads\/2021\/10\/COFOCE.pdf\">Coordinadora de Fomento al Comercio Exterior<\/a><\/td><\/tr><tr><td class=\"has-text-align-center\" data-align=\"center\">7<\/td><td class=\"has-text-align-left\" data-align=\"left\"><a href=\"http:\/\/mejoraregulatoria.sh.guanajuato.gob.mx\/wp-content\/uploads\/2021\/10\/CONALEP.pdf\">Colegio de Educaci\u00f3n Profesional T\u00e9cnica del Estado de Guanajuato<\/a><\/td><\/tr><tr><td class=\"has-text-align-center\" data-align=\"center\">8<\/td><td class=\"has-text-align-left\" data-align=\"left\"><a href=\"http:\/\/mejoraregulatoria.sh.guanajuato.gob.mx\/wp-content\/uploads\/2021\/10\/EPRR.pdf\">Escuela Preparatoria Regional del Rinc\u00f3n<\/a><\/td><\/tr><tr><td class=\"has-text-align-center\" data-align=\"center\">9<\/td><td class=\"has-text-align-left\" data-align=\"left\"><a href=\"http:\/\/mejoraregulatoria.sh.guanajuato.gob.mx\/wp-content\/uploads\/2021\/10\/FCG.pdf\">Forum Cultural Guanajuato<\/a><\/td><\/tr><tr><td class=\"has-text-align-center\" data-align=\"center\">10<\/td><td class=\"has-text-align-left\" data-align=\"left\"><a href=\"http:\/\/mejoraregulatoria.sh.guanajuato.gob.mx\/wp-content\/uploads\/2021\/10\/FondosGto.pdf\">Fondos Guanajuato de Financiamiento<\/a><\/td><\/tr><tr><td class=\"has-text-align-center\" data-align=\"center\">11<\/td><td class=\"has-text-align-left\" data-align=\"left\"><a href=\"http:\/\/mejoraregulatoria.sh.guanajuato.gob.mx\/wp-content\/uploads\/2021\/10\/IDAJ.pdf\">Instituto para el Desarrollo y Atenci\u00f3n a las Juventudes del Estado de Guanajuato \n<\/a><\/td><\/tr><tr><td class=\"has-text-align-center\" data-align=\"center\">12<\/td><td class=\"has-text-align-left\" data-align=\"left\"><a href=\"http:\/\/mejoraregulatoria.sh.guanajuato.gob.mx\/wp-content\/uploads\/2021\/10\/IEC.pdf\">Instituto Estatal de la Cultura<\/a><\/td><\/tr><tr><td class=\"has-text-align-center\" data-align=\"center\">13<\/td><td class=\"has-text-align-left\" data-align=\"left\"><a href=\"http:\/\/mejoraregulatoria.sh.guanajuato.gob.mx\/wp-content\/uploads\/2021\/10\/IECA.pdf\">Instituto Estatal de Capacitaci\u00f3n<\/a><\/td><\/tr><tr><td class=\"has-text-align-center\" data-align=\"center\">14<\/td><td class=\"has-text-align-left\" data-align=\"left\"><a href=\"http:\/\/mejoraregulatoria.sh.guanajuato.gob.mx\/wp-content\/uploads\/2021\/10\/INAEBA.pdf\">Instituto de alfabetizaci\u00f3n y Educaci\u00f3n B\u00e1sica para Adultos <\/a><\/td><\/tr><tr><td class=\"has-text-align-center\" data-align=\"center\">15<\/td><td class=\"has-text-align-left\" data-align=\"left\"><a href=\"http:\/\/mejoraregulatoria.sh.guanajuato.gob.mx\/wp-content\/uploads\/2021\/10\/INFOSPE.pdf\">Instituto de Formaci\u00f3n en Seguridad P\u00fablica del Estado<\/a><\/td><\/tr><tr><td class=\"has-text-align-center\" data-align=\"center\">16<\/td><td class=\"has-text-align-left\" data-align=\"left\"><a href=\"http:\/\/mejoraregulatoria.sh.guanajuato.gob.mx\/wp-content\/uploads\/2021\/10\/INGUDIS.pdf\">Instituto Guanajuatense para las Personas con Discapacidad<\/a><\/td><\/tr><tr><td class=\"has-text-align-center\" data-align=\"center\">17<\/td><td class=\"has-text-align-left\" data-align=\"left\"><a href=\"http:\/\/mejoraregulatoria.sh.guanajuato.gob.mx\/wp-content\/uploads\/2021\/10\/INIFEG.pdf\">Instituto de Infraestructura F\u00edsica Educativa de Guanajuato<\/a><\/td><\/tr><tr><td class=\"has-text-align-center\" data-align=\"center\">18<\/td><td class=\"has-text-align-left\" data-align=\"left\"><a href=\"http:\/\/mejoraregulatoria.sh.guanajuato.gob.mx\/wp-content\/uploads\/2021\/10\/IPLANEG.pdf\">Instituto de Planeaci\u00f3n, Estad\u00edstica y Geograf\u00eda del Estado de Guanajuato<\/a><\/td><\/tr><tr><td class=\"has-text-align-center\" data-align=\"center\">19<\/td><td class=\"has-text-align-left\" data-align=\"left\"><a href=\"http:\/\/mejoraregulatoria.sh.guanajuato.gob.mx\/wp-content\/uploads\/2021\/10\/ISSEG.pdf\">Instituto de Seguridad Social del Estado de Guanajuato<\/a><\/td><\/tr><tr><td class=\"has-text-align-center\" data-align=\"center\">20<\/td><td class=\"has-text-align-left\" data-align=\"left\"><a href=\"http:\/\/mejoraregulatoria.sh.guanajuato.gob.mx\/wp-content\/uploads\/2021\/10\/ITESA.pdf\">Instituto Tecnol\u00f3gico Superior de Abasolo<\/a><\/td><\/tr><tr><td class=\"has-text-align-center\" data-align=\"center\">21<\/td><td class=\"has-text-align-left\" data-align=\"left\"><a href=\"http:\/\/mejoraregulatoria.sh.guanajuato.gob.mx\/wp-content\/uploads\/2021\/10\/ITESG.pdf\">Instituto Tecnol\u00f3gico Superior de Guanajuato<\/a><\/td><\/tr><tr><td class=\"has-text-align-center\" data-align=\"center\">22<\/td><td class=\"has-text-align-left\" data-align=\"left\"><a href=\"http:\/\/mejoraregulatoria.sh.guanajuato.gob.mx\/wp-content\/uploads\/2021\/10\/ITESI.pdf\">Instituto Tecnol\u00f3gico Superior de Irapuato<\/a><\/td><\/tr><tr><td class=\"has-text-align-center\" data-align=\"center\">23<\/td><td class=\"has-text-align-left\" data-align=\"left\"><a href=\"http:\/\/mejoraregulatoria.sh.guanajuato.gob.mx\/wp-content\/uploads\/2021\/10\/ITESS.pdf\">Instituto Tecnol\u00f3gico Superior de Salvatierra<\/a><\/td><\/tr><tr><td class=\"has-text-align-center\" data-align=\"center\">24<\/td><td class=\"has-text-align-left\" data-align=\"left\"><a href=\"http:\/\/mejoraregulatoria.sh.guanajuato.gob.mx\/wp-content\/uploads\/2021\/10\/ITSPR.pdf\">Instituto Tecnol\u00f3gico Superior de Pur\u00edsima del Rinc\u00f3n<\/a><\/td><\/tr><tr><td class=\"has-text-align-center\" data-align=\"center\">25<\/td><td class=\"has-text-align-left\" data-align=\"left\"><a href=\"http:\/\/mejoraregulatoria.sh.guanajuato.gob.mx\/wp-content\/uploads\/2021\/10\/ITSUR.pdf\">Instituto Tecnol\u00f3gico Superior del Sur de Guanajuato<\/a><\/td><\/tr><tr><td class=\"has-text-align-center\" data-align=\"center\">26<\/td><td class=\"has-text-align-left\" data-align=\"left\"><a href=\"http:\/\/mejoraregulatoria.sh.guanajuato.gob.mx\/wp-content\/uploads\/2021\/10\/MIQ.pdf\">Museo Iconogr\u00e1fico del Quijote<\/a><\/td><\/tr><tr><td class=\"has-text-align-center\" data-align=\"center\">27<\/td><td class=\"has-text-align-left\" data-align=\"left\"><a href=\"http:\/\/mejoraregulatoria.sh.guanajuato.gob.mx\/wp-content\/uploads\/2021\/10\/PAOT.pdf\">Procuradur\u00eda Ambiental y de Ordenamiento Territorial del Estado de Guanajuato<\/a><\/td><\/tr><tr><td class=\"has-text-align-center\" data-align=\"center\">28<\/td><td class=\"has-text-align-left\" data-align=\"left\"><a href=\"http:\/\/mejoraregulatoria.sh.guanajuato.gob.mx\/wp-content\/uploads\/2021\/10\/PATX.pdf\">Parque Agro Tecnol\u00f3gico Xonotli<\/a><\/td><\/tr><tr><td class=\"has-text-align-center\" data-align=\"center\">29<\/td><td class=\"has-text-align-left\" data-align=\"left\"><a href=\"http:\/\/mejoraregulatoria.sh.guanajuato.gob.mx\/wp-content\/uploads\/2021\/10\/SABES.pdf\">Sistema Avanzado de Bachillerato y Educaci\u00f3n Superior en el Estado de Guanajuato<\/a><\/td><\/tr><tr><td class=\"has-text-align-center\" data-align=\"center\">30<\/td><td class=\"has-text-align-left\" data-align=\"left\"><a href=\"http:\/\/mejoraregulatoria.sh.guanajuato.gob.mx\/wp-content\/uploads\/2021\/10\/SDAYR.pdf\">Secretar\u00eda de Desarrollo Agroalimentario y Rural<\/a><\/td><\/tr><tr><td class=\"has-text-align-center\" data-align=\"center\">31<\/td><td class=\"has-text-align-left\" data-align=\"left\"><a href=\"http:\/\/mejoraregulatoria.sh.guanajuato.gob.mx\/wp-content\/uploads\/2021\/10\/SDES.pdf\">Secretar\u00eda de Desarrollo Econ\u00f3mico Sustentable<\/a><\/td><\/tr><tr><td class=\"has-text-align-center\" data-align=\"center\">32<\/td><td class=\"has-text-align-left\" data-align=\"left\"><a href=\"http:\/\/mejoraregulatoria.sh.guanajuato.gob.mx\/wp-content\/uploads\/2021\/10\/SDIFEG.pdf\">Sistema para el Desarrollo Integral de la Familia<\/a><\/td><\/tr><tr><td class=\"has-text-align-center\" data-align=\"center\">33<\/td><td class=\"has-text-align-left\" data-align=\"left\"><a href=\"http:\/\/mejoraregulatoria.sh.guanajuato.gob.mx\/wp-content\/uploads\/2021\/10\/SECTUR.pdf\">Secretar\u00eda de Turismo<\/a><\/td><\/tr><tr><td class=\"has-text-align-center\" data-align=\"center\">34<\/td><td class=\"has-text-align-left\" data-align=\"left\"><a href=\"http:\/\/mejoraregulatoria.sh.guanajuato.gob.mx\/wp-content\/uploads\/2021\/10\/SEDESHU.pdf\">Secretar\u00eda de Desarrollo Social y Humano<\/a><\/td><\/tr><tr><td class=\"has-text-align-center\" data-align=\"center\">35<\/td><td class=\"has-text-align-left\" data-align=\"left\"><a href=\"http:\/\/mejoraregulatoria.sh.guanajuato.gob.mx\/wp-content\/uploads\/2021\/10\/SEG.pdf\">Secretar\u00eda de Educaci\u00f3n de Guanajuato<\/a><\/td><\/tr><tr><td class=\"has-text-align-center\" data-align=\"center\">36<\/td><td class=\"has-text-align-left\" data-align=\"left\"><a href=\"http:\/\/mejoraregulatoria.sh.guanajuato.gob.mx\/wp-content\/uploads\/2021\/10\/SEGOB.pdf\">Secretar\u00eda de Gobierno<\/a><\/td><\/tr><tr><td class=\"has-text-align-center\" data-align=\"center\">37<\/td><td class=\"has-text-align-left\" data-align=\"left\"><a href=\"http:\/\/mejoraregulatoria.sh.guanajuato.gob.mx\/wp-content\/uploads\/2021\/10\/SICES.pdf\">Secretar\u00eda de Innovaci\u00f3n, Ciencia y Educaci\u00f3n Superior<\/a><\/td><\/tr><tr><td class=\"has-text-align-center\" data-align=\"center\">38<\/td><td class=\"has-text-align-left\" data-align=\"left\"><a href=\"http:\/\/mejoraregulatoria.sh.guanajuato.gob.mx\/wp-content\/uploads\/2021\/10\/SFIA.pdf\">Secretar\u00eda de Finanzas, Inversi\u00f3n y Administraci\u00f3n<\/a><\/td><\/tr><tr><td class=\"has-text-align-center\" data-align=\"center\">39<\/td><td class=\"has-text-align-left\" data-align=\"left\"><a href=\"http:\/\/mejoraregulatoria.sh.guanajuato.gob.mx\/wp-content\/uploads\/2021\/10\/SICOM.pdf\">Secretar\u00eda de Infraestructura, Conectividad y Movilidad<\/a><\/td><\/tr><tr><td class=\"has-text-align-center\" data-align=\"center\">40<\/td><td class=\"has-text-align-left\" data-align=\"left\"><a href=\"http:\/\/mejoraregulatoria.sh.guanajuato.gob.mx\/wp-content\/uploads\/2021\/10\/SMAOT.pdf\">Secretar\u00eda de Medio Ambiente y Ordenamiento Territorial<\/a><\/td><\/tr><tr><td class=\"has-text-align-center\" data-align=\"center\">41<\/td><td class=\"has-text-align-left\" data-align=\"left\"><a href=\"http:\/\/mejoraregulatoria.sh.guanajuato.gob.mx\/wp-content\/uploads\/2021\/10\/SMEI.pdf\">Secretar\u00eda del Migrante y Enlace Internacional<\/a><\/td><\/tr><tr><td class=\"has-text-align-center\" data-align=\"center\">42<\/td><td class=\"has-text-align-left\" data-align=\"left\"><a href=\"http:\/\/mejoraregulatoria.sh.guanajuato.gob.mx\/wp-content\/uploads\/2021\/10\/SPGOB.pdf\">Secretar\u00eda Particular del C. Gobernador<\/a><\/td><\/tr><tr><td class=\"has-text-align-center\" data-align=\"center\">43<\/td><td class=\"has-text-align-left\" data-align=\"left\"><a href=\"http:\/\/mejoraregulatoria.sh.guanajuato.gob.mx\/wp-content\/uploads\/2021\/10\/SS-ISAPEG.pdf\">Instituto de Salud P\u00fablica del Estado de Guanajuato<\/a><\/td><\/tr><tr><td class=\"has-text-align-center\" data-align=\"center\">44<\/td><td class=\"has-text-align-left\" data-align=\"left\"><a href=\"http:\/\/mejoraregulatoria.sh.guanajuato.gob.mx\/wp-content\/uploads\/2021\/10\/SSP.pdf\">Secretar\u00eda de Seguridad P\u00fablica del Estado Guanajuato<\/a><\/td><\/tr><tr><td class=\"has-text-align-center\" data-align=\"center\">45<\/td><td class=\"has-text-align-left\" data-align=\"left\"><a href=\"http:\/\/mejoraregulatoria.sh.guanajuato.gob.mx\/wp-content\/uploads\/2021\/10\/STRC.pdf\">Secretar\u00eda de la Transparencia y Rendici\u00f3n de Cuentas<\/a><\/td><\/tr><tr><td class=\"has-text-align-center\" data-align=\"center\">46<\/td><td class=\"has-text-align-left\" data-align=\"left\"><a href=\"http:\/\/mejoraregulatoria.sh.guanajuato.gob.mx\/wp-content\/uploads\/2021\/10\/TV4.pdf\">Unidad de Televisi\u00f3n de Guanajuato<\/a><\/td><\/tr><tr><td class=\"has-text-align-center\" data-align=\"center\">47<\/td><td class=\"has-text-align-left\" data-align=\"left\"><a href=\"http:\/\/mejoraregulatoria.sh.guanajuato.gob.mx\/wp-content\/uploads\/2021\/10\/UPB.pdf\">Universidad Polit\u00e9cnica del Bicentenario<\/a><\/td><\/tr><tr><td class=\"has-text-align-center\" data-align=\"center\">48<\/td><td class=\"has-text-align-left\" data-align=\"left\"><a href=\"http:\/\/mejoraregulatoria.sh.guanajuato.gob.mx\/wp-content\/uploads\/2021\/10\/UPG.pdf\">Universidad Polit\u00e9cnica de Guanajuato<\/a><\/td><\/tr><tr><td class=\"has-text-align-center\" data-align=\"center\">49<\/td><td class=\"has-text-align-left\" data-align=\"left\"><a href=\"http:\/\/mejoraregulatoria.sh.guanajuato.gob.mx\/wp-content\/uploads\/2021\/10\/UPJR.pdf\">Universidad Polit\u00e9cnica de Juventino Rosas<\/a><\/td><\/tr><tr><td class=\"has-text-align-center\" data-align=\"center\">50<\/td><td class=\"has-text-align-left\" data-align=\"left\"><a href=\"http:\/\/mejoraregulatoria.sh.guanajuato.gob.mx\/wp-content\/uploads\/2021\/10\/UPPE.pdf\">Universidad Polit\u00e9cnica de P\u00e9njamo<\/a><\/td><\/tr><tr><td class=\"has-text-align-center\" data-align=\"center\">51<\/td><td class=\"has-text-align-left\" data-align=\"left\"><a href=\"http:\/\/mejoraregulatoria.sh.guanajuato.gob.mx\/wp-content\/uploads\/2021\/10\/UTL.pdf\">Universidad Tecnol\u00f3gica de Le\u00f3n <\/a><\/td><\/tr><tr><td class=\"has-text-align-center\" data-align=\"center\">52<\/td><td class=\"has-text-align-left\" data-align=\"left\"><a href=\"http:\/\/mejoraregulatoria.sh.guanajuato.gob.mx\/wp-content\/uploads\/2021\/10\/UTLB.pdf\">Universidad Tecnol\u00f3gica Laja Baj\u00edo<\/a><\/td><\/tr><tr><td class=\"has-text-align-center\" data-align=\"center\">53<\/td><td class=\"has-text-align-left\" data-align=\"left\"><a href=\"http:\/\/mejoraregulatoria.sh.guanajuato.gob.mx\/wp-content\/uploads\/2021\/10\/UTNG.pdf\">Universidad Tecnol\u00f3gica del Norte de Guanajuato<\/a><\/td><\/tr><tr><td class=\"has-text-align-center\" data-align=\"center\">54<\/td><td class=\"has-text-align-left\" data-align=\"left\"><a href=\"http:\/\/mejoraregulatoria.sh.guanajuato.gob.mx\/wp-content\/uploads\/2021\/10\/UTS.pdf\">Universidad Tecnol\u00f3gica de Salamanca<\/a><\/td><\/tr><tr><td class=\"has-text-align-center\" data-align=\"center\">55<\/td><td class=\"has-text-align-left\" data-align=\"left\"><a href=\"http:\/\/mejoraregulatoria.sh.guanajuato.gob.mx\/wp-content\/uploads\/2021\/10\/UTSOE.pdf\">Universidad Tecnol\u00f3gica del Suroeste de Guanajuato<\/a><\/td><\/tr><tr><td class=\"has-text-align-center\" data-align=\"center\">56<\/td><td class=\"has-text-align-left\" data-align=\"left\"><a href=\"http:\/\/mejoraregulatoria.sh.guanajuato.gob.mx\/wp-content\/uploads\/2021\/10\/UVEG.pdf\">Universidad Virtual del Estado de Guanajuato<\/a><\/td><\/tr><\/tbody><\/table><\/figure>\n\n\n\n<p><\/p>\n\n\n\n<p><\/p>\n","protected":false},"excerpt":{"rendered":"<p>Programas de Mejora Regulatoria (Mejora de regulaciones, tr\u00e1mites y servicios) Ciudadano, ponemos a tu disposici\u00f3n los Programas de Mejora Regulatoria de las dependencias y entidades del poder ejecutivo del gobierno del Estado de Guanajuato Los Programas de Mejora Regulatoria (PMR) son una herramienta que tiene por objeto implementar acciones para mejorar la Regulaci\u00f3n vigente y [&hellip;]<\/p>\n","protected":false},"author":4,"featured_media":0,"parent":0,"menu_order":0,"comment_status":"closed","ping_status":"closed","template":"","meta":{"footnotes":""},"class_list":["post-1446","page","type-page","status-publish","hentry"],"_links":{"self":[{"href":"https:\/\/mejoraregulatoria.sh.guanajuato.gob.mx\/index.php\/wp-json\/wp\/v2\/pages\/1446","targetHints":{"allow":["GET"]}}],"collection":[{"href":"https:\/\/mejoraregulatoria.sh.guanajuato.gob.mx\/index.php\/wp-json\/wp\/v2\/pages"}],"about":[{"href":"https:\/\/mejoraregulatoria.sh.guanajuato.gob.mx\/index.php\/wp-json\/wp\/v2\/types\/page"}],"author":[{"embeddable":true,"href":"https:\/\/mejoraregulatoria.sh.guanajuato.gob.mx\/index.php\/wp-json\/wp\/v2\/users\/4"}],"replies":[{"embeddable":true,"href":"https:\/\/mejoraregulatoria.sh.guanajuato.gob.mx\/index.php\/wp-json\/wp\/v2\/comments?post=1446"}],"version-history":[{"count":130,"href":"https:\/\/mejoraregulatoria.sh.guanajuato.gob.mx\/index.php\/wp-json\/wp\/v2\/pages\/1446\/revisions"}],"predecessor-version":[{"id":2052,"href":"https:\/\/mejoraregulatoria.sh.guanajuato.gob.mx\/index.php\/wp-json\/wp\/v2\/pages\/1446\/revisions\/2052"}],"wp:attachment":[{"href":"https:\/\/mejoraregulatoria.sh.guanajuato.gob.mx\/index.php\/wp-json\/wp\/v2\/media?parent=1446"}],"curies":[{"name":"wp","href":"https:\/\/api.w.org\/{rel}","templated":true}]}}